- q + q**3 + 7*q**2 + 2*q. Let t be r(-7). Let o(p) = p**3 + 3*p**2 + 1. Let a be o(-2). Calculate the greatest common factor of t and a.
5
Let x(a) = a**3 - 7*a**2 - 7*a + 2. Let c be x(8). Let g = 6 - 10. Let k = c + g. Calculate the highest common divisor of k and 3.
3
Let c be ((-2)/(-4))/1*10. Let x be (-46)/(-10) - (-2)/c. Suppose x*a - 4*z = -z + 22, 0 = 2*a - 5*z - 5. What is the highest common divisor of 10 and a?
5
Suppose 5*l = 4*l + 4. Let o = 22 + -2. Calculate the highest common divisor of l and o.
4
Let p(w) = w**3 - w + 14. Let u be p(0). Let a = u + -8. Suppose -x = -a*x + 110. What is the highest common divisor of 11 and x?
11
Let t(g) = -2*g**3 - 7*g**2 - g + 8. Let c be t(-5). What is the highest common divisor of 22 and c?
22
Suppose -4*a + 386 - 26 = 0. What is the greatest common divisor of a and 18?
18
Let d be (-4496)/(-18) + (-8)/(-36). Suppose -2*l + d = 3*l. Suppose 0 = 4*b + h - l, -5*h - 26 = -4*b + b. What is the highest common factor of b and 18?
6
Let f(w) = -w - 5. Let o be f(-7). Suppose 0 = o*p + 4*v - 184 - 70, 5*v = p - 92. What is the highest common factor of p and 13?
13
Suppose -8 = -6*d + 4*d. Suppose -2*s - r = -3*r - 22, 0 = r - d. Calculate the highest common factor of 120 and s.
15
Let g = 18 + 38. Calculate the greatest common divisor of 14 and g.
14
Suppose 0 = 2*v + v - 6. What is the highest common divisor of v and 5?
1
Suppose -2*n + 3*a = -19, -a + 2*a = -3*n + 23. Let f(s) = s**2 - 7*s - 7. Let k be f(n). Suppose -b = -5 - k. Calculate the greatest common factor of 18 and b.
6
Let q(d) = 3*d**2 + d - 2. Let m be q(-2). Suppose 2*y - m = 40. Suppose 3*c + 0*c - 180 = 0. What is the greatest common factor of c and y?
12
Suppose -i = -4 - 8. Let m(x) = -29*x - 3. Let d be m(-3). What is the highest common factor of d and i?
12
Let m(k) = -59*k**3 + 1. Let v be m(-1). Let w be 9*(-7)/((-42)/16). What is the highest common factor of v and w?
12
Let n be (-10 - -38) + 2/1. What is the greatest common factor of n and 15?
15
Suppose -z = -0*z - 4. Let w be 11/4 + 1/z. Suppose -15 = -10*b + 5*b + i, -w = -2*b + i. What is the highest common factor of b and 44?
4
Let m(x) = -x**2 + 4*x - 3. Let o be m(2). Let g(q) = 20*q. Let z be g(o). Calculate the highest common divisor of 10 and z.
10
Let w be (-1*(0 - 35))/1. Suppose u = 2*u - w. Calculate the greatest common divisor of u and 14.
7
Suppose -4*f + 80 = -16. Let u = -283 - -523. Calculate the greatest common divisor of f and u.
24
Let p(s) = -s**3 + 9*s**2 + 5*s - 12. Let m be p(8). Calculate the highest common divisor of 23 and m.
23
Let i(g) = -g**3 + 7*g**2 - 2*g - 9. Let k be i(6). What is the greatest common divisor of 135 and k?
15
Suppose -7*v = -54 - 849. Calculate the greatest common factor of v and 86.
43
Let p = -10 - -15. Let i = p + 4. What is the highest common divisor of i and 9?
9
Suppose -4*u = -0*u + 40. Let y = 82 + u. Calculate the highest common divisor of 9 and y.
9
Suppose 28 = 4*r - 5*k, -r + 3*k - 2*k + 8 = 0. What is the greatest common divisor of r and 60?
12
Let s be ((-112)/(-24))/(2/(-3)). Let m be ((-30)/s)/((-8)/(-56)). What is the greatest common factor of m and 45?
15
Let b = -97 - -178. Calculate the greatest common factor of b and 9.
9
Let n be 0*(-2)/(-8) - (0 - 8). Calculate the highest common factor of 24 and n.
8
Let w(f) = -f**2 - f - 1. Let z(t) = 4*t**2 + 14*t + 4. Let c(q) = 3*w(q) + z(q). Let k be c(-11). What is the greatest common factor of 11 and k?
1
Let w(j) = 8*j - 8. Let g be w(4). Calculate the greatest common factor of 192 and g.
24
Suppose -2*f - 18 = -5*f. What is the greatest common factor of f and 24?
6
Let f(w) = w - 11. Let a be f(6). Let c be a/(-10)*(-1 + 1). Suppose -l = -c - 2. Calculate the highest common divisor of 18 and l.
2
Suppose -3*f - f + 880 = 0. What is the greatest common divisor of 20 and f?
20
Suppose -2*j = -3*c - 8, 0*j - 3*c = 3*j + 18. Let d be -2 + 4 + (-96)/j. Calculate the greatest common factor of d and 10.
10
Let n(b) = b**2 + 7*b + 1. Let r be n(-8). What is the highest common factor of 63 and r?
9
Let i be (-888)/(-26) + (-4)/26 + 0. Calculate the greatest common factor of 17 and i.
17
Suppose 2 = -y + 10. What is the greatest common divisor of 152 and y?
8
Let y be (-1)/((-3)/(-12)) + 18. Calculate the greatest common divisor of 21 and y.
7
Suppose 5*j = 6*r - 5*r + 69, j = 3*r + 11. Calculate the greatest common divisor of j and 70.
14
Suppose i = 5*i - 104. Calculate the highest common divisor of i and 13.
13
Suppose 0 = -10*x + 13*x - 9. Let b = 1 + 2. Calculate the highest common factor of x and b.
3
Suppose 2*n + 3*b - 4*b - 10 = 0, -4*n - 2*b + 28 = 0. What is the greatest common factor of n and 3?
3
Let m(o) = -8*o - 1. Let l be m(1). Let h = 31 + l. What is the greatest common divisor of h and 110?
22
Suppose 4*b = s + 17, 0*s - 5*b + 28 = s. Suppose -s*u - 3*l = -252, -5*u + 375 = -3*l - 77. What is the highest common factor of u and 11?
11
Suppose -3600 = 2*a - 22*a. Calculate the highest common divisor of 20 and a.
20
Let o = -12 + 14. Suppose 3*c - 24 = o*c. What is the highest common factor of 12 and c?
12
Suppose -97 = -10*o + 83. Calculate the highest common divisor of o and 24.
6
Suppose -w - 16 = -2*i - i, 9 = 2*i + w. Suppose -i*d - 4*o = -0*o - 248, 0 = 5*o - 10. What is the greatest common factor of 32 and d?
16
Let c be 18/135 - (-103)/15. What is the greatest common factor of c and 49?
7
Let w = -1 - 0. Let m be 2/(3/w - -4). Let x be m - (4 - 2 - 5). Calculate the highest common divisor of x and 2.
1
Suppose 3*p - 46 = -10. Calculate the highest common divisor of p and 18.
6
Let y be 10/55 + (-128)/(-22). Let z(j) = j**3 + 8*j**2 - 2*j - 10. Let r be z(-8). Calculate the highest common factor of y and r.
6
Let g(t) = t**3 - 12*t**2 + 12*t + 1. Let o be g(11). Let s be (27/2)/(o/64). Suppose -2*f + s = f. What is the highest common divisor of f and 36?
12
Let u be 72/(-16)*(0 - 2). Let v be ((-18)/(-4))/(2/44). Calculate the greatest common factor of v and u.
9
Let j = 17 - 12. Let v = j - 1. Suppose 0*z = -v*z + 484. What is the highest common divisor of 11 and z?
11
Let w(i) = 6 - 2*i**3 + 3*i**3 - 9 - 6*i**2 + 2*i. Let u be w(6). What is the greatest common factor of u and 63?
9
Let h be (-1)/(525/(-264) + 2). Let d = -44 - h. Suppose -2*i + d = 2*z, 70 = 5*z - 7*i + 2*i. What is the greatest common factor of z and 27?
9
Let z = -4 - -6. Let p be ((-28)/z)/(6/(-9)). Let r(o) = 3*o - 1. Let a be r(5). Calculate the highest common factor of a and p.
7
Suppose -3*u - k = -219, 3*k = -4*u - 15 + 312. Let i be 54/4*8/6. Calculate the highest common divisor of i and u.
18
Let r be (4/7)/(4/14). Suppose i = -r*w + 5 - 2, -i + 6 = 3*w. What is the greatest common factor of w and 21?
3
Let d = 51 - 23. What is the highest common factor of 196 and d?
28
Let x = -35 - -39. Calculate the greatest common factor of x and 16.
4
Let s be 4/(-18) - (-12170)/90. Calculate the highest common divisor of s and 15.
15
Let t be -4*(-7)/(-7)*(-25 - -1). Calculate the highest common factor of t and 6.
6
Let p = -27 + 1. Let y = -11 - p. Calculate the greatest common divisor of 15 and y.
15
Let f be (-1)/(-2) - (-30)/(-24)*-14. Suppose 3 - 23 = -5*w. Suppose 1 = w*q - 7. What is the greatest common factor of q and f?
2
Let i = 86 + -52. Calculate the greatest common factor of 68 and i.
34
Let w(b) = -b**3 + 5*b**2 - b + 2. Let c be w(4). What is the highest common factor of c and 56?
14
Let m(p) = 4*p**2 + p - 1. Let x be m(1). Let f be x/(-3)*1*-15. Let n be (0 + 5)/((-9)/(-36)). Calculate the greatest common factor of f and n.
20
Let t(i) = -15*i**3 - 2*i - 1. Let g be t(-1). Suppose -3*d = -2*d + z - 125, 5*z + 15 = 0. What is the highest common divisor of d and g?
16
Suppose -r = 2*r - 288. Suppose -2*b - 108 - 16 = -5*m, 5*b - 110 = -5*m. Suppose 3*s - m = s. What is the greatest common divisor of s and r?
12
Let g = 12 + -35. Let t = g - -43. Let l be 3 - -1 - 0/(-6). What is the highest common divisor of t and l?
4
Let o be 36 - ((2 - -1) + -3). Calculate the greatest common factor of 12 and o.
12
Let t be 2 - (-7)/(21/450). Suppose -g + 2*v = -21, 0*g - 2*v = -3*g + 59. Calculate the highest common factor of g and t.
19
Let z = -64 - -110. Let c be